hat is the remainder when 47 is divided by (-3 - (4 - 1)) + 23?
13
Suppose 0 = -3*z - 2*l + 20, 4*z - 19 - 7 = -2*l. Calculate the remainder when (z - 24)/(-6)*(-292)/(-6) is divided by 37.
35
Let i(t) = t**2 + 3*t + 15. Let d = 41 + -41. Calculate the remainder when i(d) is divided by 4.
3
Suppose -1625 = 9*w - 34*w. What is the remainder when 322 is divided by w?
62
What is the remainder when (6/4)/(3 - (-837)/(-280)) is divided by 11?
8
Suppose -n = -188 + 12. What is the remainder when n is divided by 13?
7
Suppose 966*h + 343 = 973*h. Calculate the remainder when 487 is divided by h.
46
Suppose -27 = -2*a - 23. What is the remainder when a/(-4) - 1067/(-22) is divided by 17?
14
Suppose 5*o = 2*k - 105, -4*k + 36*o = 40*o - 252. Calculate the remainder when 82 is divided by k.
22
Suppose -5*l + 4*m = -36, l + 2*m = -2*m - 12. Suppose 150 = 5*c - 5*h, -7 - 41 = -2*c - l*h. What is the remainder when c is divided by 5?
3
Let k = 3 - 2. Let u(h) = h**2 - 2*h + 4. Let x be u(7). Let m = -38 + x. What is the remainder when m is divided by k?
0
Let u(w) = -w - 11. Let s be u(-12). Let f = 43 - s. Suppose 4*o + 2*b - 48 = 0, 4*o = 2*o + 3*b + 16. Calculate the remainder when f is divided by o.
9
Let i = -7 + 17. Let s(m) = 24*m - 19 + 23 - i*m. What is the remainder when s(3) is divided by 24?
22
Let v = -195 - -213. Calculate the remainder when 93 is divided by v.
3
Let g be (-2 + 1)/((-1)/6). Suppose f = g*f. Suppose f = -x - 3*o + 19 + 1, 0 = -4*x - 3*o + 80. What is the remainder when x is divided by 7?
6
Let o(w) = -w**3 + 13*w**2 - 11*w - 1. Suppose 18*i = 23*i - 60. Let u = 9 + -6. Calculate the remainder when o(i) is divided by u.
2
What is the remainder when 232 is divided by (-135)/(-30)*80/12?
22
Let h(p) = -4*p**3 - 11*p**2 + 7*p - 4. Let q(l) = -3*l**3 - 11*l**2 + 8*l - 5. Let n(c) = -4*h(c) + 5*q(c). Calculate the remainder when n(10) is divided by 3.
2
Suppose 133 = 3*i - 122. What is the remainder when i is divided by 11?
8
Suppose -n + d = -10 - 1, -n + 2*d = -8. Calculate the remainder when 79 is divided by n.
9
Suppose 2*l - 988 = -816. What is the remainder when l is divided by 48?
38
Suppose -5*z + 402 = -2*t, 21*t + 74 = z + 19*t. Calculate the remainder when z is divided by 8.
2
Suppose s = -2*r + 2*s, 4*s = -2*r + 20. Suppose r*w = 32 - 10. Calculate the remainder when w is divided by 4 - (0 + 4/(-2)).
5
Let q(k) = 4*k**3 + 3*k**2 - 3*k + 1. Let g be 48/20 + (-4)/10. What is the remainder when 75 is divided by q(g)?
36
Let y = -1696 + 1780. What is the remainder when y is divided by (-1)/((2*-1)/58)?
26
Suppose 3*k - 9 = -2*h - h, -5*k + 10 = 4*h. Suppose -2*p = -h*a + p + 30, 5*a + 3*p = 0. What is the remainder when (-1 - 6/(-4))*12 is divided by a?
0
Suppose -6*c + 12*c = -474. Let g = 98 + c. What is the remainder when g is divided by 11?
8
Let f(t) = -37*t + 47. What is the remainder when 204 is divided by f(1)?
4
Let q = 511 - 356. Calculate the remainder when q is divided by 40.
35
Let v(j) = j**3 - 8*j**2 + 3*j + 9. Let n be v(9). Suppose 0 = -5*l + 5*u + 665, 3*l = -2*u + 272 + n. Calculate the remainder when l is divided by 44.
43
Let z(b) = 4*b - 7. Let h be z(3). Suppose -3*i + 87 = -2*w - 41, 4*w = h*i - 216. Suppose s - 14 = -0*s. What is the remainder when i is divided by s?
12
Let d(m) = -5*m**2 + 2*m + 1. Let l be d(-1). Let b(f) = -f**3 - 5*f**2 + 6*f + 3. What is the remainder when b(l) is divided by 2?
1
Let c be 1*2*(7 - 0). Let b = -7 + c. Calculate the remainder when 70/105 + ((-55)/(-3))/1 is divided by b.
5
Let i be 5/(-15) + (-16)/(-3). Suppose -4*t = 0, 3*q + i*t + 0 = -12. Calculate the remainder when (-4310)/(-45) + q/(-18) is divided by 25.
21
Suppose 0*g = -2*g + 104. Let s(p) = p + 4. Let q be s(-2). Suppose -4*y + 2*y + g = 3*r, -5*r + q*y + 92 = 0. Calculate the remainder when r is divided by 5.
3
Let l = -3 + 6. Suppose -2*h - 5*w = -46 + 8, -57 = -l*h + 4*w. What is the remainder when 113 is divided by h?
18
Let x = -27 + 27. Let b = 5 + x. Calculate the remainder when 6 is divided by 16/5 + (-1)/b.
0
Let d = -34 + 119. What is the remainder when d is divided by 34?
17
Let x(m) = 23*m**2 - 2*m. Calculate the remainder when x(3) is divided by 52.
45
Suppose 105 = v + u, -4*v + 200 = -2*v + 4*u. Calculate the remainder when v is divided by 58.
52
Let a(l) = 0 + 0 - 11*l - l**2 + l - 20. Suppose 11*z - 65 = 6*z - 4*q, 5*z = -3*q + 60. What is the remainder when z is divided by a(-5)?
4
Let i(b) = -3*b**2 - 28*b + 29. Calculate the remainder when 298 is divided by i(-7).
64
Suppose -27 = -3*q - 9. Suppose -3*p + 17 = 3*j + p, 2*j = 3*p. Suppose 51 + 15 = j*h. What is the remainder when h is divided by q?
4
Let h(t) = -t**2 + 9*t + 1. Suppose -2*o = 3*o + 4*z - 61, 2*z - 8 = 0. Calculate the remainder when 2 is divided by h(o).
0
Suppose -y - 4*y - 3*s = -182, -y + 5*s = -14. What is the remainder when 1459 is divided by y?
31
Let b be 968/(-55) - (6/5)/3. Calculate the remainder when -3*(692/(-21) - b/63) is divided by 25.
23
Let o = -152 + 181. What is the remainder when 51 is divided by o?
22
Suppose 12 = -4*n, -3*m + 4*m + 2*n = -22. Calculate the remainder when 17 is divided by (-1 - 1) + m/(-2).
5
Let l = 112 + 148. Suppose 5*z = -5*y + l, -5*z + 2*y = 84 - 365. Let d = -83 + 97. What is the remainder when z is divided by d?
13
Let l = -303 + 459. What is the remainder when l is divided by 42?
30
Suppose -b + 0*b - 34 = -3*f, -5*f = b - 46. Suppose -3*l - 327 = -3*z - 441, l = 2*z + 38. Calculate the remainder when l is divided by f.
8
What is the remainder when (583/(-44))/(3/(-12)) is divided by 42?
11
Suppose -2*z - 9 = -4*z + 5*t, -4*z = 4*t - 4. Suppose 22 + 30 = z*j. Calculate the remainder when j is divided by 14.
12
Suppose -3*y + 92 = 5*l, -3*y - 12 = -l - 2*y. Let d = 26 + -13. Calculate the remainder when (8/l)/((-1)/(-46)) is divided by d.
10
Suppose 0*z + 5*o - 158 = -z, 298 = 2*z + 4*o. Calculate the remainder when z is divided by 51.
41
Let a = 1215 + -1162. Calculate the remainder when 74 is divided by a.
21
Let m be (-2 - -12) + -3 - -3. Suppose -t + 9 = -4*w, 2*t - 3 - 30 = 3*w. What is the remainder when t is divided by 54/(-90) + 116/m?
10
Let m(u) = 45*u + 6 + 41*u - 98*u. Calculate the remainder when m(-2) is divided by 11.
8
Suppose -2*q - 160 = -5*x - 0*q, -3*x + 5*q = -77. Calculate the remainder when 132 is divided by x.
30
Suppose 14 = o - q, 2*q = 5*o - 10*o + 49. Let z = -2 - -7. Suppose -13 = -2*a + z*t, -3*t - 2 = a - 3. What is the remainder when o is divided by a?
3
Suppose 6 = -3*g, -m + 0*m + 4*g = -4. Let i(v) = -6*v - 10. Let f(b) = -6*b - 10. Let j(w) = 5*f(w) - 4*i(w). What is the remainder when 24 is divided by j(m)?
10
Suppose 5*n - 53 = o, -9*n + 7*n - 5*o + 32 = 0. Let t(i) = i**3 - 12*i**2 + 11*i + 15. Calculate the remainder when 88 is divided by t(n).
13
Let i(b) be the second derivative of -9*b**5/20 + b**3/3 + b**2 + 26*b. What is the remainder when 53 is divided by i(-1)?
8
Let c(w) be the third derivative of -5*w**4/24 + w**3/6 - 24*w**2. Calculate the remainder when (-16)/56 + 303/7 is divided by c(-2).
10
Let n = 256 + -231. Suppose 6 = z + z, 0 = -4*w - z + 23. Suppose p = 2*p - 3*i - 24, w*p - 65 = 4*i. Calculate the remainder when n is divided by p.
7
Suppose 4 = -2*p + 5*o + 170, -p + 74 = 2*o. Calculate the remainder when p is divided by 7.
1
Let j(h) be the first derivative of 5 + 12*h + 1/2*h**2. Calculate the remainder when j(-11) is divided by 1.
0
Suppose 2*s - 175 = 19. What is the remainder when s is divided by ((10 + -5)/25)/((-13)/(-1625))?
22
Let x(i) = -i + 52. What is the remainder when x(-5) is divided by 29?
28
Suppose 3*u = 272 - 68. Suppose -5*v - b - 33 = 0, -b + 23 = v - 4*v. Let o = 16 - v. Calculate the remainder when u is divided by o.
22
Let p(z) = 2*z - 13. Let w be (1 - 4)*(-208)/48. Let s(i) = -i - 2. Calculate the remainder when p(w) is divided by s(-7).
3
Let y = -123 + 39. Let u = y + 159. Calculate the remainder when u is divided by 27.
21
Let m(j) = -j**3 + 23*j**2 - 112*j + 18. Calculate the remainder when 214 is divided by m(16).
16
Let v(z) = 50*z - 5. Let m = 12 - 10. Calculate the remainder when v(m) is divided by 16.
15
Let l(h) = h + 2. Calculate the remainder when 4/(-6) - 46/(-6) is divi